et g = 19 + -23. Let j(k) = k**2 + 9*k + 26. Calculate j(g).
6
Let d(p) be the third derivative of -p**6/120 - p**5/10 + p**4/3 - 5*p**3/6 - 86*p**2. Determine d(-7).
-12
Let j(t) be the second derivative of t**4/12 + t**3/2 - 3*t**2/2 + 269*t. Let l = -15 + 17. Give j(l).
7
Let j(u) be the first derivative of -u**5/60 - u**4/24 - 4*u**3 - 12. Let x(g) be the third derivative of j(g). Give x(-2).
3
Let k(q) be the third derivative of 0 - 1/8*q**4 + q**2 + 1/720*q**6 + 0*q + 7/120*q**5 + 0*q**3. Let o(n) be the second derivative of k(n). Determine o(-5).
2
Let f(m) = -5*m**3 - 10*m**2 - 14*m - 11. Let d(w) = -6*w**3 - 11*w**2 - 17*w - 12. Let n(v) = 4*d(v) - 5*f(v). Determine n(-6).
-5
Let l(f) = 6*f**2 - 5*f**2 + 3 + f - 6. Let z(p) = p**2 - 2. Let h(a) = -3*l(a) + 4*z(a). Give h(4).
5
Let x be 5/(5/(-3)) - -2. Let r = 1 - x. Let w(t) = 74*t - 33*t + 9*t**r - 1 - 39*t. What is w(1)?
10
Let z(u) = 4*u**3 + u**2 - 1. Let y be (0 + -1)*(5 - -7). Let k be y/21 - 88/(-56). Determine z(k).
4
Let t(y) = -y**2 - 3*y + 1. Let a be (-248)/(-6) + 13/(-39). Let f = -46 + a. Calculate t(f).
-9
Let m(x) = -3*x**3 + 21*x**2 + 6*x - 24. Let u(j) = -j**3 + 7*j**2 + 2*j - 8. Let f(g) = 3*m(g) - 8*u(g). Let q = 175 + -168. What is f(q)?
6
Suppose -1 = p, 3*y + 4*p = -5 + 13. Let s(g) be the first derivative of -g**4/4 + 5*g**3/3 - g**2 + 2*g + 180. What is s(y)?
10
Let p(z) = -z**2 - 7. Let w(x) be the third derivative of -x**4/24 - 4*x**3 - 35*x**2. Let m be w(-24). What is p(m)?
-7
Suppose -2*t = 12 - 12. Let k(c) be the second derivative of -1/6*c**3 - 1/12*c**4 + 3*c + t + 1/2*c**2 + 1/2*c**5. What is k(1)?
9
Let u = 7817 - 7823. Let f(z) = -7*z + 0 + 0 + 3 - 7*z**2 - z**3. Determine f(u).
9
Let c(v) = -4*v + 12. Let x be c(-6). Let q(o) = -1 + 71*o - 33*o - 9*o**2 - x*o. Determine q(1).
-8
Let n(y) = 5*y**3 + y. Let x = -14 - -19. Suppose 4*l + 2 = -0*l + 3*s, 3*s - 1 = x*l. Determine n(l).
6
Let y be (-35)/(-28)*3*4. Suppose 2*f + 3*h = 4*f - y, 10 = -2*h. Suppose 4*b + 3*n + 17 = f, -3*b - n = n + 13. Let j(w) = -w**2 - 6*w + 2. What is j(b)?
7
Suppose 9*t - 14*t = -10. Suppose a = -3*s + 6*a - 20, s = -t*a + 8. Let z(h) = h**2 + h - 8. What is z(s)?
-8
Let t(a) be the third derivative of -a**5/30 - a**4/6 + a**3/3 + 7*a**2 - 14*a. Determine t(-4).
-14
Let d be (14 - 4) + (2 - 1). Let n(c) = c + c**3 - 4 + 3*c**2 - 2*c**2 + d. Suppose -t = -4*t. Give n(t).
7
Suppose 4*b = 3*z + 11, 5*z + 23 = 4*b + 2. Let a(q) = q - q**2 + 7*q**3 - 92 + 42 + 51. Give a(b).
-8
Let q(y) = -2*y**2 + y - 7. Let h(t) = t**2 - t + 6. Let f = -4 + 2. Let r(s) = f*q(s) - 3*h(s). What is r(0)?
-4
Let h(l) = 1 - 5 + 7*l + 4 - 3 - l**3 - 2 + 4*l**2. What is h(4)?
23
Let o(i) = 22 + 229*i - 228*i - 31. Calculate o(10).
1
Let m = 4 - 1. Suppose -2*d + m + 1 = 0. Let o(k) = 1 + 4*k - k**3 + 2*k**3 - 5 - 8*k**2 + 3*k**d. Give o(4).
-4
Let t(o) be the second derivative of o**5/5 - 13*o**4/12 + o**3/2 - 2*o**2 - 251*o. Calculate t(3).
-4
Let s(x) be the second derivative of -x**4/12 - x**3 - 2*x**2 - 4*x + 5. Let i = 3 - 2. Let m(l) = -4*l**2 - 2*l + 1. Let y be m(i). Give s(y).
1
Let l(q) = q**3 - 2*q**2 - 3*q - 2. Let y(x) = -2*x**2 + 41*x + 19. Let s be y(21). Determine l(s).
-12
Let v(t) = t**2 - 16*t + 14. Let m be v(16). Let r(h) = -h + 13. What is r(m)?
-1
Let u(m) = 5*m**2 + 2*m + 2. Let d be 10 + (-82)/7 - 4/14. Calculate u(d).
18
Let m(w) be the third derivative of w**4/24 - 5*w**3/6 + 32*w**2. Calculate m(10).
5
Let v(p) = p**2 + 3*p + 2. Let y(d) = d**2 + d. Let s(n) = 7*n**2 + 9*n - 6. Let q(g) = s(g) - 6*y(g). Let x be q(-6). Let j be x/(-9) - 2/3. What is v(j)?
0
Let g(c) = 2*c + 4. Let z be g(3). Let t = -8 + z. Let u(d) = d - d + 97*d**2 - 94*d**t. Give u(1).
3
Let h be ((-3)/15)/(18/(-30))*57. Let d(f) = -f - h + 17 + 4 + 13. What is d(11)?
4
Let a(n) be the first derivative of -n**3/3 - 4*n**2 - 6*n - 3. Suppose 9*q + 15 = 6*q. Give a(q).
9
Let c(k) be the third derivative of -k**5/60 + 5*k**4/24 + 2*k**3/3 + 2*k**2. Suppose -77*f + 120 = -53*f. Calculate c(f).
4
Let c(q) = -1 - 16*q + 4 + 5*q + 7*q + 5*q. Suppose -5*j + 3 - 9 = -2*x, -x = 4*j + 10. Let v = 2 + j. Give c(v).
3
Let t(x) be the third derivative of -5*x**4/24 - 118*x**2. Give t(5).
-25
Let d(z) = z**3 + 9*z**2 - 11*z - 8. Let f be d(-10). Suppose -2*t = r + 5, -f*t = -0*t - 5*r - 13. Let q(a) = -8*a**3 + 2*a + 1. Calculate q(t).
7
Let q(r) = 2*r**2 - 3*r - 4. Let a(o) = -13*o**2 + 50*o + 5. Let i be a(4). Give q(i).
23
Let y = -289 + 294. Let u(m) = -3*m**3 - 3*m**2 + 6*m + 3. Let l(v) = 2*v**3 + 4*v**2 - 6*v - 3. Let r(a) = -4*l(a) - 3*u(a). What is r(y)?
-17
Suppose 7*t + 43 = -6. Let q(j) = -j**2 - 6*j + 1. Calculate q(t).
-6
Let d(h) = -5*h**2 - 4*h - 5. Let v(t) = 3*t**2 + 5 + 5*t + 0*t + 3*t**2 - 2*t**2. Let c(r) = 3*d(r) + 4*v(r). Let q be 2/(-9) + (-104)/18. Determine c(q).
-7
Suppose 0 = 3*s - 4*s - 5*w + 55, 0 = 3*s - 4*w - 203. Suppose -5 = 10*x + s. Let i(v) = v**3 + 8*v**2 + 9*v + 7. What is i(x)?
-7
Let x(s) = -2*s**2 + 16*s**3 - 20 + 1 + 5 - 2*s + 13. Give x(-1).
-17
Let r be 6*-1 - (2 + 0). Let a be r/10*45/(-6). Suppose 0*w = 3*w + a. Let o(f) = 3*f. Give o(w).
-6
Suppose 0 = 7*a - 3*a - 112. Suppose -3*h - a = -10. Let s(r) = 7*r**2 + 5*r + 11. Let k(w) = 20*w**2 + 15*w + 32. Let b(t) = h*k(t) + 17*s(t). What is b(-4)?
-1
Let u(l) = -l + 5. Let c be u(5). Suppose -3*d - d = c. Let t(h) be the third derivative of -h**5/60 - h**4/24 + 7*h**3/6 + 6*h**2. What is t(d)?
7
Let l(i) = -5*i - 24. Let c be l(-7). Let b(j) = 14 - 3*j**2 - 2*j + 3*j - c*j**2 - 13. Calculate b(-1).
-14
Let g(k) = -330*k - 4 + 4 - 5 + k**2 + 328*k. Determine g(6).
19
Let v(y) be the second derivative of -y**3/6 - y**2 + 3*y. Suppose 5*s + z - 33 = 3*z, -s = 4*z + 11. Calculate v(s).
-7
Let t(c) = 5*c**3 - 36*c**2 + 50*c + 136. Let l(k) = -k**3 + 7*k**2 - 9*k - 27. Let r(i) = -11*l(i) - 2*t(i). What is r(4)?
5
Suppose 4*g + 0*i = i - 3, 0 = 4*g + i - 3. Let t(a) = a**3 - a**2 - 2. Let z be t(2). Let f(n) = n**z + 14*n - 2*n + 6 - 13*n. Calculate f(g).
6
Let s(z) = 5*z**2 + 5*z + 4. Let g(t) = 2*t**2 + t + 1. Let w(r) = -3*g(r) + s(r). Suppose -3*u = 2*u - 15. Determine w(u).
-2
Suppose 11*h - 4*h - 49 = 0. Let z(f) = 2 + 7 + 4*f - h. Determine z(-3).
-10
Let r(j) = 0 - 4*j**2 + 3*j + 4 + 2*j**3 - j**3 - 2*j. Let w be (0 - 1)*(-2 + 3)*-5. Suppose -2*f = o, 6*f - w*f + 22 = 5*o. Determine r(o).
8
Let d be (-972)/135 + (-30)/(-25). Let l(x) = -x**3 - 8*x**2 - 10*x + 14. Calculate l(d).
2
Let f(b) = 0*b + 2*b - 3*b + 0*b + 24. What is f(24)?
0
Let k(r) = -r**3 - 8*r**2 - 9*r - 9. Suppose 78 = -4*p + 2*c, c = -p - 4*c - 36. Let x be (7/(-3))/((-7)/p). Give k(x).
5
Let h(j) = j**2 - 19*j - 3. Let a be h(19). Let l(v) = 3*v**2 + 5*v + 4. Give l(a).
16
Let v(w) = 3*w - 10. Let f(q) = 4*q - 11. Let g(d) = -2*f(d) + 3*v(d). Let u be g(5). Let s(j) = -j - 3. Give s(u).
0
Let x(y) be the first derivative of 5*y**2 + 5*y - 305. What is x(-3)?
-25
Let t be ((294/(-12))/7*4)/2. Let u(j) = j + 5. What is u(t)?
-2
Let a = 13 + -5. Suppose 4*w - 6*x + x = -36, 4*x - a = -2*w. Let d(l) = l**3 + 3*l**2 + 4*l + 6. Determine d(w).
-26
Let s(g) = -14*g + 20. Let m be (-2 - (-56)/6)/(4/(-6)). Let f(z) = -5*z + 7. Let t(d) = m*f(d) + 4*s(d). Calculate t(4).
-1
Let l be (0/(-1))/(-4 + 3). Suppose 2*w + 2*w - 5*o = 31, w + 11 = -5*o. Let k(n) = -w*n + 2 - n**2 - 3 + 5*n - 1. Calculate k(l).
-2
Let z(w) = 221*w - 15 - 115*w - 108*w. Calculate z(0).
-15
Let k(m) = -2*m**2 + 2*m + 13. Let i(b) = -b**2 + b - 1. Let y(r) = 2*i(r) + k(r). Let s(d) = -d**2 + d + 1. Let q(t) = -3*s(t) + y(t). Calculate q(0).
8
Suppose -5*v + 4 = 4*h - 8*v, -5*v = 3*h - 3. Let j(u) = 4*u**3 + u**2 - 1. Determine j(h).
4
Suppose 54 = 5*g - 2*g. Let o be 4/6 - 120/g. Let a(r) = r + 5. Determine a(o).
-1
Let s(z) = -13*z. Let d = 28 - 28. Suppose 0*q - 3*q = -4*w + 11, 2*q + 4*w - 6 = d. What is s(q)?
13
Let w(q) = -q**2 - 16 + 21 + 0*q - 5*q + 5 + q. What is w(-6)?
-2
Let i(d) be the third derivative of d**6/120 - d**5/12 - d**4/3 + d**3/6 + 87*d**2. Suppose -u - 17 = -3*u - 5*y, 3*y = -3*u + 21. What is i(u)?
-11
Let m(t) = -9 + 4 - t**3 + 2*t**2 - 6*t**2 + 4*t. Let d(o) = -2*o**2 - 32*o - 35. Let f be d(-15). Give m(f).
0
Let f(y) be the third derivative of -1/15*y*